*v**3 - v**2 + 1. Calculate the remainder when k(-1) is divided by a.
2
Let s = 77 - 73. Calculate the remainder when 19 is divided by s.
3
Let a = 201 - 138. Let g be (3 + -7)*a/(-4). Let h = -24 + g. Calculate the remainder when h is divided by 10.
9
Let k be 99/(-18) + 2/4. Let t = k + 12. What is the remainder when 33 is divided by t?
5
Suppose 4*f - 2*y = 18, 0 = -f - 4*y + 1 - 10. Let u be (-2)/(-16) + 434/112. Let l = u - f. Calculate the remainder when 1 is divided by l.
0
Let k be 114/9 - 6/9. Let v = k + 3. What is the remainder when v is divided by 6?
3
What is the remainder when 23 is divided by 12 - -2 - (-1 + 3)?
11
Suppose 6*p + 1 = 13. What is the remainder when 2 + 45 - (p + -5) is divided by 18?
14
Suppose 3*f = 95 + 151. What is the remainder when f is divided by 28?
26
Let l(h) = h**3 - 12*h**2 + 10*h + 16. Let t be l(11). Let g = t - -8. What is the remainder when g is divided by 8?
5
Let p = 28 - 15. Suppose -28 - p = -x. What is the remainder when x is divided by 11?
8
Suppose -j = 5*q + 17, -4*q - 3*j = -j + 10. Let y(n) = n**2 + 2*n + 1. Calculate the remainder when 16 is divided by y(q).
7
Suppose 3*o - 6*o + 15 = 0. Let f(t) = t**2 - 5. Let w be f(0). Let n(x) = x**2 + 2*x - 6. Calculate the remainder when n(w) is divided by o.
4
Suppose -5*k + 379 = 94. Suppose -4*v + k = -3. Suppose v + 2 = s. Calculate the remainder when 49 is divided by s.
15
Let h(z) = -z**2 + 14*z - 9. What is the remainder when h(7) is divided by 14?
12
Let n(q) = 3*q**3 - q**3 - 5*q + 4 - 4*q**2 - q**3. Let u be n(5). Suppose 3*z = 35 + u. What is the remainder when z is divided by 7?
6
Let h(y) = -13*y**2 - y. Let b be h(-1). Let l = b + 14. Let q = 4 - 2. Calculate the remainder when q is divided by l.
0
Suppose 0*b = -2*z + b + 3, -10 = 2*b. Let s be (-3 - z)/(1/(-2)). Suppose -s*x + 65 = 21. Calculate the remainder when 20 is divided by x.
9
Suppose 2*r + 101 = 5*q + r, 4*q = 5*r + 85. Calculate the remainder when (-1 + (-2)/(-3))*-174 is divided by q.
18
Let d(v) = v**3 + 5*v**2 + 5*v + 3. Let a be d(-3). Suppose a*u - 54 = 3*u. Let s(c) = 12*c**2 + 2*c + 1. What is the remainder when s(2) is divided by u?
17
Suppose 28 = l - 0*q + 2*q, -l = -4*q - 16. Calculate the remainder when 70/((-1)/(2 + -3)) is divided by l.
22
Let a = 2 - -14. Suppose -5*i = -19 - a. What is the remainder when 20 is divided by i?
6
Let b = -19 - -43. Calculate the remainder when 45 is divided by b.
21
Suppose 76*w - 79*w = -39. Calculate the remainder when 27 is divided by w.
1
Let c = 3 + -1. Suppose i + 34 = 3*x, 6*x - 32 = c*x - 2*i. Calculate the remainder when x is divided by 4.
2
Suppose p - 5*u = 3*p - 5, p = -5*u - 10. Suppose 36*t + 24 = 40*t. Calculate the remainder when p is divided by t.
3
Let d = -18 - -31. Let y = d - -2. Calculate the remainder when y is divided by 4.
3
Suppose 0 = 2*a - 2 + 12, -2*a = n. Let i(f) = -52*f - 265. What is the remainder when i(-6) is divided by n?
7
Suppose i - 38 = 2*w - w, -2*i - 5*w = -76. Let t = i - 25. What is the remainder when 51 is divided by t?
12
What is the remainder when 28 is divided by 287/28 - 2/8?
8
Let b = 176 - 254. Let n = b - -151. Calculate the remainder when n is divided by 25.
23
Let b be 2/4*(1 - 1). Let m = 12 + b. Calculate the remainder when 35 is divided by m.
11
Suppose -2*y = y - 9, 102 = 4*p - 2*y. Calculate the remainder when 80 is divided by p.
26
Suppose a - 2*w + 35 = 2*a, 5*a = 3*w + 240. What is the remainder when a is divided by 24?
21
Let k = -41 + 60. Calculate the remainder when k is divided by 5.
4
Let b(u) = -u + 10. Let j be b(8). Suppose j*z + 2*z - 44 = -4*i, 3*i = z - 15. Calculate the remainder when z is divided by 4.
0
Suppose k - 2 = 0, -18 + 212 = 4*n + 3*k. Suppose 5*i - 155 = -5*c, 0 = -5*c + 2*i - 0*i + 155. Let f = 47 - c. What is the remainder when n is divided by f?
15
What is the remainder when 34 is divided by 50/6 - (-8)/12?
7
Suppose -2*q + 8 - 4 = 0. Suppose 7*m - q*m - 10 = x, x + 3*m - 14 = 0. Let b(j) = -j**2 + 5*j + 8. Calculate the remainder when x is divided by b(6).
1
Suppose 2*y = -3 - 3. Let z be (1 + -4)/(y/2). Suppose -7*k + 35 = -z*k. What is the remainder when 20 is divided by k?
6
Suppose -3*h + 19 = -65. Let j = h - 11. Calculate the remainder when j is divided by 9.
8
What is the remainder when 40 is divided by 7/(-28)*-20*1*3?
10
Let n = 12 + -6. Let p(x) = x - 4. Let m be p(n). Suppose m*h + 40 = 2*i + 16, -2*i - 5*h = 4. Calculate the remainder when i is divided by 5.
3
Suppose 0 = -24*q + 28*q + 492. What is the remainder when 72 is divided by q/(-6) + (-3)/2?
15
Suppose 20 = 4*r + r + 4*q, 5*r - 5 = -q. Let c(y) = y**2 + 3*y + 3*y**2 + y + r*y + 3. What is the remainder when 42 is divided by c(-2)?
9
Suppose 4*f = -4*v + 44, 0 = -v - 2*v - 2*f + 37. What is the remainder when 118 is divided by v?
13
Let d be (-42)/14*14/3. Suppose -56 = -2*n - 14. Calculate the remainder when 21 is divided by 120/n + (-4)/d.
3
Suppose -3*t + 120 = -t. Suppose 0 = -5*d - 20, h = 6*h - 5*d - t. Calculate the remainder when 31 is divided by h.
7
Let r = -1 - -2. Calculate the remainder when 57 is divided by (2/(-4))/(r/(-24)).
9
Let t be 0/(-13) + 2 + 1. Suppose -t*n = n - 16. Calculate the remainder when 10 is divided by n.
2
Suppose -2*y + 0*y = 5*l - 149, 2*l - 2*y - 54 = 0. What is the remainder when l is divided by 15?
14
Suppose 2*x - 13 = 15. Suppose a + 14 = 54. Calculate the remainder when a is divided by x.
12
Suppose -2*a + 28 = 5*h, 2*h - 17 = -a - 6. Suppose -69 = h*m - 9*m. What is the remainder when 89 is divided by m?
20
Let v = 168 + -117. Let z = v - 35. What is the remainder when z is divided by 6?
4
Let r(k) = 4*k**2 - k - 1. Calculate the remainder when 4 is divided by r(-1).
0
Suppose -n - 8 = 3*n. Calculate the remainder when 49 is divided by 22 + 2 + n + 3.
24
Let g(n) = -n**2 + 13*n + 19. Let y be g(14). Suppose 0 = y*z - 36 - 54. Calculate the remainder when 33 is divided by z.
15
Suppose 0 = 4*w - w - 96. Calculate the remainder when w is divided by 11.
10
Let l(b) be the second derivative of b**4/12 + 3*b**3/2 + 2*b**2 + 4*b. Calculate the remainder when 10 is divided by l(-9).
2
Let k be ((-6)/8)/(2/(-8)). Suppose 5*l = -3*d + 52, 4*l = k*d + 2*d - 25. Calculate the remainder when (-4 - -2)/(2/(-26)) is divided by d.
8
Suppose 0*h - 106 = -2*h. Let g(p) = p + 18. Suppose -4*c - 5 + 1 = -5*l, -3*c = -l + 3. What is the remainder when h is divided by g(l)?
17
Let p be 2 + -1*3/(-3). Let r(m) = -m + 3*m - p*m + 9. What is the remainder when r(-7) is divided by 6?
4
Let r(i) = 2*i - 9. Let f(d) = 2*d - 9. Let a(m) = -4*f(m) + 5*r(m). Let y be a(6). Suppose 0 = 5*o + y - 18. Calculate the remainder when 5 is divided by o.
2
Suppose 7*w - 40 = 2*w. Calculate the remainder when 15 - 3 - (4 - 7) is divided by w.
7
Suppose 5*q - 158 = 3*l, 5*l = 2 - 7. What is the remainder when 152 is divided by q?
28
Let p(t) = t + 2. Suppose -260 = -5*i - 0*i. What is the remainder when (-9)/3*i/(-6) is divided by p(12)?
12
Suppose 4*t = 2*d + 30, 3*t - 5*d - 32 - 8 = 0. Calculate the remainder when t is divided by 3.
2
Suppose -2*q = -2*g - 6*q + 4, 2*q - 20 = -4*g. Suppose a = -g + 17. Calculate the remainder when a is divided by 6.
5
What is the remainder when 83 is divided by (-4)/18 + (-254)/(-9)?
27
Let d = 52 - 13. Suppose d = -4*b + 95. Let n = b - 10. Calculate the remainder when 13 is divided by n.
1
Suppose -2*g + 8 = -0. What is the remainder when (110/(-25))/(4/(-10)) is divided by g?
3
Suppose 20*z - 16*z - 48 = 0. Let a = 87 + -52. Calculate the remainder when a is divided by z.
11
Let t = 331 + -197. Calculate the remainder when t is divided by 34.
32
Suppose 36 = 5*d - 4. Calculate the remainder when 21 is divided by d.
5
Let d = 258 + -224. Let v be (-3)/(-2)*(-10)/(-3). Suppose 4*a - 77 = -v*u, u - 5 = -4. What is the remainder when d is divided by a?
16
Let z be (5 - 11)/((-3)/2). Suppose -k - 3*k = b - 4, -z*k + 36 = -b. Let y = b + 30. What is the remainder when y is divided by 8?
6
Let m(n) = -5*n + 11. Let r = 32 + -13. What is the remainder when r is divided by m(0)?
8
Let u be 12/(-10) - 8/(-40). Let x = u - -111. What is the remainder when x is divided by 28?
26
Let q(w) = 4*w + 2. Let a be q(2). What is the remainde